ctors of g(h)?
17
Let c(h) = 5*h**2 - 2*h - 1. Suppose 6*g = g, 2 = v + 2*g. What are the prime factors of c(v)?
3, 5
Let j = -8 - -11. Suppose -v = -j - 8. Suppose -3*k = p - 3*p + v, 0 = -3*k + 3. What are the prime factors of p?
7
Let x = 61 + -37. What are the prime factors of x?
2, 3
Let r(u) = -u**3 + 6*u**2 - 4*u + 5. Let a(o) = 2*o - 5. Let j be a(5). What are the prime factors of r(j)?
2, 5
Suppose -67 = -a + w, 0*a - w = a - 73. Let n = a + -50. Let l = n - 10. List the prime factors of l.
2, 5
Let i = -39 + 74. List the prime factors of i.
5, 7
Let u(n) = n. Let s be u(4). Let w = 20 + -11. Suppose s*t - w = 11. What are the prime factors of t?
5
Let l be (3 + 0)/((-3)/(-2)). Suppose -4*f + 16 = l*x, 0 = -5*x - 3*f + 44 + 31. List the prime factors of x.
2, 3
Let s(t) = -7*t**3 + t**2. Let b be s(1). Let k = b - -8. List the prime factors of k.
2
What are the prime factors of (-21 - -17) + (-210)/(-2)?
101
Let c be 35 + 2 + 4/2. Suppose 0*y - c = 3*y. Let d = 25 + y. What are the prime factors of d?
2, 3
Let n(t) be the third derivative of t**6/120 - t**5/30 - 5*t**4/24 + 5*t**3/6 - 2*t**2. What are the prime factors of n(4)?
17
List the prime factors of 24/(-9)*((-39)/6 - -2).
2, 3
Let h be (-5)/(-5) + 10/(-2). Let v be (3 - h)*(-1 - -2). Let b = 11 - v. What are the prime factors of b?
2
What are the prime factors of (3266/(-138))/(-1*2/6)?
71
Suppose -158 + 26 = -4*d. Suppose v = 4*v - d. What are the prime factors of v?
11
Suppose 2*c = -2*b + 12, -b + 3*c = c. Suppose b*m - 12 = 4*w, 3*m - 9 = -0*w - 4*w. Suppose w = -o - 4*o + 90. List the prime factors of o.
2, 3
Let m(t) be the first derivative of t**4/4 + t**3 + 2*t + 2. Let r be m(-3). Suppose r*z - 3*z = -11. What are the prime factors of z?
11
Let y be (9/4)/(3/12). Suppose 0 = t - 2*b - y, 0 = 5*t - 6*b + b - 60. What are the prime factors of (24/9 - 2)*t?
2, 5
Let q = 16 - 23. Let z = 5 - q. Suppose 2*a = -p + 5*p - z, 3*p - 9 = -3*a. List the prime factors of p.
3
Let y(r) = -20*r + 1. Let m = 11 + -16. Let o(v) = v. Let z(w) = m*o(w) - y(w). What are the prime factors of z(1)?
2, 7
List the prime factors of ((-9)/6)/(6/(-8)).
2
What are the prime factors of (-2928)/(-56) - (-2)/(-7)?
2, 13
Let z(h) = -h**2 + 10*h + 2. Let p be z(10). Suppose 5*d = 5*u - 70, -p = 3*d + 10. What are the prime factors of u?
2, 5
Let m be 10*(-1)/(-2) - -1. Let n(k) = k**2 - 4*k - 8. What are the prime factors of n(m)?
2
Let t(u) = u**2 + u. Suppose 4 = a - 1, -2*o + 20 = 2*a. List the prime factors of t(o).
2, 3, 5
Suppose -14 = -5*f + 6. Suppose -g + 1 = f*d + 11, -4*g = -2*d - 50. List the prime factors of g.
2, 5
Let l(c) = -c**3 + 14*c**2 + 12*c + 11. What are the prime factors of l(14)?
179
Suppose -11 + 9 = h. What are the prime factors of (h/8)/(1/(-44))?
11
Let p(n) = 10 - 4 + 4*n + n - 3*n. What are the prime factors of p(7)?
2, 5
Let k = 208 - 146. What are the prime factors of k?
2, 31
Suppose 2*r + 111 = 5*r. What are the prime factors of r?
37
Let r(q) = 3*q - 10. Let i(b) = 4*b - 1. Let s be i(2). Let w be r(s). Let c = w - 5. What are the prime factors of c?
2, 3
Suppose 8*v - 2*v = 228. Suppose 0 = -4*s + 4*c + 92, s - 2*c - 2*c = v. What are the prime factors of s?
2, 3
Suppose 4*z - 20 = -4*o, 2*o - 13 + 3 = z. Suppose 2*q + 2*b + 2*b = -2, -q = -o*b + 8. Let d = -1 - q. List the prime factors of d.
2
Let t = 86 - 43. What are the prime factors of t?
43
Suppose -4*c - 2*t = -14 - 84, 2*c - 29 = 3*t. List the prime factors of c.
2, 11
Suppose 31 = 5*s + 2*r, 5*s + r + 0*r - 33 = 0. List the prime factors of s.
7
Suppose -7*z + 26 = -5*z. List the prime factors of z.
13
Let o = 25 - 18. What are the prime factors of o?
7
Let a = -38 + 82. What are the prime factors of a?
2, 11
Let m(k) = 2*k. Let f be m(2). Suppose -3*h + 20 = -4*v, 0 = 2*v - 0*v + f*h + 10. Let x = -2 - v. List the prime factors of x.
3
Suppose -z + 12 = 36. Let b = z - -14. Let i = -6 - b. What are the prime factors of i?
2
Suppose 29 = 4*r - 3*t, 9 = 3*t - 6. List the prime factors of r.
11
Let w = -5 - -4. Let a = w + 4. Suppose -4*b + 10 = -a*m - 3, -2*m = -5*b + 18. List the prime factors of b.
2
Suppose -4*x = -3*f - 43, 0*x - 27 = -3*x - 3*f. List the prime factors of (-2)/4 + 525/x.
2, 13
Let x be (-13)/(-5) + (-6)/(-15). Let l(i) = 2*i + 4*i - x + 4 - 3. What are the prime factors of l(2)?
2, 5
Suppose 3*m = 2*m - 4*l - 22, m + 2*l = -12. What are the prime factors of 15 + 2/m + 0?
2, 7
Let u be 9/(-2)*(-20)/6. Suppose u + 20 = 5*x. List the prime factors of x.
7
Let i = -293 - -452. List the prime factors of i.
3, 53
Suppose 6*n - 3*n - 12 = 0. What are the prime factors of (39/n)/((-3)/(-8))?
2, 13
Suppose 2*y = 74 - 18. Suppose -r - y = -2*r. What are the prime factors of r?
2, 7
Suppose -2*h = u + 2*h - 93, 2*h + 318 = 4*u. List the prime factors of u.
3
Let o = 1 + 1. Suppose -4*p + o*d + 2 = -14, -4*p - 5*d + 16 = 0. List the prime factors of p.
2
Let d(z) = -4 - 5*z + 3*z + 4*z. List the prime factors of d(3).
2
Let x = 16 - 8. Suppose -l = -4*y + x, -5*l = -y + 17 - 72. Suppose 0 = -5*v - 2*n + 56, 0*n + 4*n - l = 0. What are the prime factors of v?
2, 5
Let p(i) = i**2 + 8*i + 4. List the prime factors of p(-11).
37
Suppose 2*d - 31 = -t - 2*d, 2*d = 5*t - 67. What are the prime factors of t?
3, 5
Let p be 0/1 - -5*2. Let b be 18/p + 5/25. Suppose b*m + 3*m = 50. What are the prime factors of m?
2, 5
Let t be 0 + (7 - 2)*1. Suppose -3*x - 5*d = x - 125, -3*d - 147 = -t*x. List the prime factors of x.
2, 3, 5
Suppose -21 + 67 = n - 4*k, 4*n + 5*k = 100. Let b be -5*3/(n/(-8)). Suppose -8 - 16 = -b*f. What are the prime factors of f?
2, 3
Suppose -4 - 8 = -4*z. List the prime factors of z/(-18)*-22*3.
11
Suppose -17*w + 1298 = -2782. What are the prime factors of w?
2, 3, 5
Let o = 5 - 2. Suppose -2*k + o*k - 16 = 0. What are the prime factors of k?
2
Let s = 8 + -5. Let g be 2 + s*(-7)/(-1). Let x = g + -12. List the prime factors of x.
11
Let n = -8 + 8. Suppose n = 3*z - 27 - 21. What are the prime factors of z?
2
Let v = 8 - 6. Suppose -z - 3*z = -3*m + 100, -3*z = -6. Suppose 0 = -v*g + 6*g - m. List the prime factors of g.
3
Suppose 0 = -5*n + 21 + 64. List the prime factors of n.
17
Let q = 8 + 2. List the prime factors of q.
2, 5
Suppose 2842 = 15*i - 773. List the prime factors of i.
241
Let l(w) = -3*w + 3. Let t(y) = -y + 2. Let d be t(-2). Suppose -z + 2*p = -3 - 4, -d*z = 2*p + 22. What are the prime factors of l(z)?
2, 3
Let n be -4 + 2 + 52*-1. What are the prime factors of 1/(-6) + (-549)/n?
2, 5
Let v = 90 + -16. List the prime factors of v.
2, 37
Suppose -6*r + 5*r = -121. List the prime factors of r.
11
Let m(v) = -v**3 + 2*v**2 - 4*v + 2 + 8*v + 0. List the prime factors of m(-2).
2, 5
Let a(s) = -s - 7. Let n be a(-6). Let i be n/((-12)/(-45))*-4. Let p = i + -10. List the prime factors of p.
5
Let y(n) = n**2 - 5*n + 3. Let r(m) = 2*m**2 - 6*m + 4. Let v(l) = 2*r(l) - 3*y(l). What are the prime factors of v(-4)?
3
Let h = 113 + -81. Suppose -h = -4*u - 0*u - 4*y, -2*u + 13 = 5*y. List the prime factors of u.
3
Let w(u) = u**2 - 8*u - 13. Suppose -3*t + 0*t = -3*s - 45, -2*s = t. List the prime factors of w(t).
7
Let o be (-3)/(-1) + 1 + -4. Suppose -7 = -3*f - o*f - 2*w, 5*f = w + 16. Suppose 1 + 20 = f*d. List the prime factors of d.
7
Suppose -5*q + 10 + 70 = 5*y, -3*y + 22 = q. Suppose -p + 6 = -q. List the prime factors of p.
19
Let q(c) = c**2 + 3*c - 4. Let m be q(-4). Suppose -20 = -5*j - m. Let h = j - 2. What are the prime factors of h?
2
Suppose b - 1 = 1. Let l(x) = -9*x + 9*x + 1 + x**b. List the prime factors of l(3).
2, 5
List the prime factors of (40/28)/((-1)/(-35)).
2, 5
What are the prime factors of (-3)/(-12) - 310/(-8)?
3, 13
Let f(o) = 15*o + 3. Let v be f(4). Suppose 3*j = -5*k + 144, -4*k - v = -6*k - 3*j. What are the prime factors of k?
3
Let i = -13 - -22. What are the prime factors of i?
3
What are the prime factors of (-2)/4 - 4190/(-20)?
11, 19
Let i(a) = a - 7. Let z be i(11). Suppose -z*g + 86 = 18. List the prime factors of g.
17
What are the prime factors of (30/(-25))/((-2)/85)?
3, 17
Let h(u) = u + 1. Let y be h(-1). Let n = y + 3. Suppose 0 = -n*s + 3*p + 6, 4*s = 2*p + 10. What are the prime factors of s?
3
Suppose 10*s + 11